{"id":655,"date":"2020-08-01T15:49:41","date_gmt":"2020-08-01T13:49:41","guid":{"rendered":"https:\/\/bnbtskootje.nl\/?page_id=655"},"modified":"2020-08-03T16:43:38","modified_gmt":"2020-08-03T14:43:38","slug":"t-skootje","status":"publish","type":"page","link":"https:\/\/bnbtskootje.nl\/?page_id=655&lang=en","title":{"rendered":"&#8216;t Sko\u00f4tje"},"content":{"rendered":"\t\t<div data-elementor-type=\"wp-page\" data-elementor-id=\"655\" class=\"elementor elementor-655\">\n\t\t\t\t\t\t<section class=\"elementor-section elementor-top-section elementor-element elementor-element-146b9a5f elementor-section-boxed elementor-section-height-default elementor-section-height-default\" data-id=\"146b9a5f\" data-element_type=\"section\" data-e-type=\"section\">\n\t\t\t\t\t\t<div class=\"elementor-container elementor-column-gap-default\">\n\t\t\t\t\t<div class=\"elementor-column elementor-col-100 elementor-top-column elementor-element elementor-element-253c136f\" data-id=\"253c136f\" data-element_type=\"column\" data-e-type=\"column\">\n\t\t\t<div class=\"elementor-widget-wrap elementor-element-populated\">\n\t\t\t\t\t\t<div class=\"elementor-element elementor-element-2efb6b01 elementor-widget elementor-widget-text-editor\" data-id=\"2efb6b01\" data-element_type=\"widget\" data-e-type=\"widget\" data-widget_type=\"text-editor.default\">\n\t\t\t\t<div class=\"elementor-widget-container\">\n\t\t\t\t\t\t\t\t\t<p><span style=\"color: #000000;\"><b>Welcome\u00a0to\u00a0B&amp;B \u2018t\u00a0Sko\u00f4tje\u00a0<\/b><\/span><\/p><p><span style=\"color: #000000;\">Our B&amp;B where we will receive you hospitably is located in\u00a0Opperdoes, a gem in West-Friesland. Everything breathes the atmosphere of this region. Nostalgic streets next to small canals, pyramid-shaped farms and bridges, so you really relax.\u00a0<\/span><\/p><p><span style=\"color: #000000;\">B&amp;B &#8216;t Sko\u00f4tje is next to Medemblik and the IJsselmeer lake. Hoorn, Enkhuizen and the North Sea beach are also within easy reach.<\/span><\/p><p><span style=\"color: #000000;\"><b>Accessability.<\/b>\u00a0<\/span><br \/><span style=\"color: #000000;\">Our B&amp;B in\u00a0Opperdoes\u00a0is easily accessible by public transport with a direct bus connection from Hoorn.\u00a0Opperdoes\u00a0is only 5 minutes by car from freeway A7.\u00a0<\/span><\/p><p><span style=\"color: #000000;\"><b>Opperdoezer\u00a0Ronde\u00a0<\/b><\/span><br \/><span style=\"color: #000000;\">Within a radius of 1 km around the church next to the B&amp;B, the\u00a0Opperdoezer\u00a0Ronde is cultivated. This potato is a delicacy, which is on the menu of many a chef, for example in the restaurants at the port of Medemblik.\u00a0<\/span><\/p><p><span style=\"color: #000000;\"><b>More regional products<\/b>.\u00a0<\/span><br \/><span style=\"color: #000000;\">In West Friesland, many regional products are offered directly from the fields via roadside sales stalls. Be surprised by the versatility of our region, in other words: enjoy it.\u00a0<\/span><\/p><p><span style=\"color: #000000;\" data-ccp-props=\"{\">\u00a0<\/span><\/p><p><span style=\"color: #000000;\" data-ccp-props=\"{\">\u00a0<\/span><\/p><p style=\"text-align: left;\"><span style=\"color: #000000;\">\u00a0<span style=\"font-family: inherit; font-style: inherit; text-align: left;\"><span style=\"font-weight: bold;\" data-contrast=\"auto\">\u2018t\u00a0<\/span><span style=\"font-weight: bold;\" data-contrast=\"auto\">Sko\u00f4tje<\/span><b>\u00a0<br \/><\/b><\/span><span style=\"font-size: 15px; text-align: left;\" data-contrast=\"auto\">A\u00a0<\/span><span style=\"font-size: 15px; text-align: left;\" data-contrast=\"auto\">sko\u00f4tje<\/span><span style=\"font-size: 15px; text-align: left;\" data-contrast=\"auto\">\u00a0is an old West-Frisian bakery product of 250 grams consisting of 10 white bread rolls, a break-bread for special occasions in the spring, which was eaten with butter and syrup. It is the precursor to the Dutch\u00a0<\/span><span style=\"font-size: 15px; text-align: left;\" data-contrast=\"auto\">popular<\/span><span style=\"font-size: 15px; text-align: left;\" data-contrast=\"auto\">\u00a0white bread roll.<\/span><span style=\"font-size: 15px; text-align: left;\" data-ccp-props=\"{\">\u00a0<br \/><\/span><span style=\"font-size: 15px; text-align: left;\" data-contrast=\"auto\">Another meaning of a\u00a0<\/span><span style=\"font-size: 15px; text-align: left;\" data-contrast=\"auto\">sko\u00f4t<\/span><span style=\"font-size: 15px; text-align: left;\" data-contrast=\"auto\">\u00a0is a rope to fasten the sail of a\u00a0<\/span><span style=\"font-size: 15px; text-align: left;\" data-contrast=\"auto\">fieldboat<\/span><span style=\"font-size: 15px; text-align: left;\" data-contrast=\"auto\">\u00a0and thus keep course. In addition, a\u00a0<\/span><span style=\"font-size: 15px; text-align: left;\" data-contrast=\"auto\">sko\u00f4t<\/span><span style=\"font-size: 15px; text-align: left;\" data-contrast=\"auto\">\u00a0(<\/span><span style=\"font-size: 15px; text-align: left;\" data-contrast=\"auto\">womb<\/span><span style=\"font-size: 15px; text-align: left;\" data-contrast=\"auto\">) stands for warmth and security.<br \/><\/span><span class=\"TextRun SCXW260000608 BCX0\" lang=\"EN-US\" style=\"font-size: 15px; text-align: left;\" xml:lang=\"EN-US\" data-contrast=\"auto\"><span class=\"NormalTextRun SCXW260000608 BCX0\">We\u00a0<\/span><\/span><span class=\"TextRun SCXW260000608 BCX0\" lang=\"EN-US\" style=\"font-size: 15px; text-align: left;\" xml:lang=\"EN-US\" data-contrast=\"auto\"><span class=\"NormalTextRun SCXW260000608 BCX0\">will<\/span><\/span><span class=\"TextRun SCXW260000608 BCX0\" lang=\"EN-US\" style=\"font-size: 15px; text-align: left;\" xml:lang=\"EN-US\" data-contrast=\"auto\"><span class=\"NormalTextRun SCXW260000608 BCX0\">\u00a0do\u00a0<\/span><\/span><span class=\"TextRun SCXW260000608 BCX0\" lang=\"EN-US\" style=\"font-size: 15px; text-align: left;\" xml:lang=\"EN-US\" data-contrast=\"auto\"><span class=\"NormalTextRun SCXW260000608 BCX0\">our<\/span><\/span><span class=\"TextRun SCXW260000608 BCX0\" lang=\"EN-US\" style=\"font-size: 15px; text-align: left;\" xml:lang=\"EN-US\" data-contrast=\"auto\"><span class=\"NormalTextRun SCXW260000608 BCX0\">\u00a0<\/span><\/span><span class=\"TextRun SCXW260000608 BCX0\" lang=\"EN-US\" style=\"font-size: 15px; text-align: left;\" xml:lang=\"EN-US\" data-contrast=\"auto\"><span class=\"NormalTextRun SCXW260000608 BCX0\">utmost<\/span><\/span><span class=\"TextRun SCXW260000608 BCX0\" lang=\"EN-US\" style=\"font-size: 15px; text-align: left;\" xml:lang=\"EN-US\" data-contrast=\"auto\"><span class=\"NormalTextRun SCXW260000608 BCX0\">\u00a0<\/span><\/span><span class=\"TextRun SCXW260000608 BCX0\" lang=\"EN-US\" style=\"font-size: 15px; text-align: left;\" xml:lang=\"EN-US\" data-contrast=\"auto\"><span class=\"NormalTextRun SCXW260000608 BCX0\">to<\/span><\/span><span class=\"TextRun SCXW260000608 BCX0\" lang=\"EN-US\" style=\"font-size: 15px; text-align: left;\" xml:lang=\"EN-US\" data-contrast=\"auto\"><span class=\"NormalTextRun SCXW260000608 BCX0\">\u00a0have\u00a0<\/span><\/span><span class=\"TextRun SCXW260000608 BCX0\" lang=\"EN-US\" style=\"font-size: 15px; text-align: left;\" xml:lang=\"EN-US\" data-contrast=\"auto\"><span class=\"NormalTextRun SCXW260000608 BCX0\">the<\/span><\/span><span class=\"TextRun SCXW260000608 BCX0\" lang=\"EN-US\" style=\"font-size: 15px; text-align: left;\" xml:lang=\"EN-US\" data-contrast=\"auto\"><span class=\"NormalTextRun SCXW260000608 BCX0\"> name of B&amp;B &#8216;t Sko\u00f4tje come back during your stay, with the white bread rolls not missing from breakfast.\u00a0<\/span><\/span><\/span><\/p><p style=\"text-align: left;\"><span style=\"color: #000000;\"><b><span style=\"font-size: 15px;\" data-contrast=\"auto\">Nature reserve De\u00a0<\/span><span style=\"font-size: 15px;\" data-contrast=\"auto\">Sko\u00f4t<\/span><\/b><span style=\"font-size: 15px;\" data-contrast=\"auto\"><b>.<\/b><br \/><\/span><span style=\"font-size: 15px;\" data-contrast=\"auto\">This<\/span><span style=\"font-size: 15px;\" data-contrast=\"auto\">\u00a0nature reserve\u00a0<\/span><span style=\"font-size: 15px;\" data-contrast=\"auto\">and<\/span><span style=\"font-size: 15px;\" data-contrast=\"auto\">\u00a0water storage is a stepping\u00a0<\/span><span style=\"font-size: 15px;\" data-contrast=\"auto\">stone<\/span><span style=\"font-size: 15px;\" data-contrast=\"auto\">\u00a0in\u00a0<\/span><span style=\"font-size: 15px;\" data-contrast=\"auto\">the<\/span><span style=\"font-size: 15px;\" data-contrast=\"auto\">\u00a0Nature Network of\u00a0<\/span><span style=\"font-size: 15px;\" data-contrast=\"auto\">the<\/span><span style=\"font-size: 15px;\" data-contrast=\"auto\">\u00a0Netherlands\u00a0<\/span><span style=\"font-size: 15px;\" data-contrast=\"auto\">and<\/span><span style=\"font-size: 15px;\" data-contrast=\"auto\"> part of a nature areas stretch between the IJsselmeer lake and the North Sea. <\/span><\/span><\/p><p style=\"text-align: left;\"><span style=\"color: #000000;\">Bring your binoculars or camera, because it is an idyllic wetland between the West-Frisian ring dike and the horticultural fields with thickets. A nice area for bird watching, including the common snipe, reed warbler, shelduck and the black-tailed godwit.<\/span><\/p>\t\t\t\t\t\t\t\t<\/div>\n\t\t\t\t<\/div>\n\t\t\t\t\t<\/div>\n\t\t<\/div>\n\t\t\t\t\t<\/div>\n\t\t<\/section>\n\t\t\t\t<section class=\"elementor-section elementor-top-section elementor-element elementor-element-c825677 elementor-section-boxed elementor-section-height-default elementor-section-height-default\" data-id=\"c825677\" data-element_type=\"section\" data-e-type=\"section\">\n\t\t\t\t\t\t<div class=\"elementor-container elementor-column-gap-default\">\n\t\t\t\t\t<div class=\"elementor-column elementor-col-100 elementor-top-column elementor-element elementor-element-352c227\" data-id=\"352c227\" data-element_type=\"column\" data-e-type=\"column\">\n\t\t\t<div class=\"elementor-widget-wrap elementor-element-populated\">\n\t\t\t\t\t\t<div class=\"elementor-element elementor-element-a6e0718 elementor-widget elementor-widget-image-gallery\" data-id=\"a6e0718\" data-element_type=\"widget\" data-e-type=\"widget\" data-widget_type=\"image-gallery.default\">\n\t\t\t\t<div class=\"elementor-widget-container\">\n\t\t\t\t\t\t\t<div class=\"elementor-image-gallery\">\n\t\t\t<div id='gallery-1' class='gallery galleryid-655 gallery-columns-4 gallery-size-himalayas-featured-post'><figure class='gallery-item'>\n\t\t\t<div class='gallery-icon landscape'>\n\t\t\t\t<a data-elementor-open-lightbox=\"yes\" data-elementor-lightbox-slideshow=\"a6e0718\" data-elementor-lightbox-title=\"20200715_142658 (2)\" data-e-action-hash=\"#elementor-action%3Aaction%3Dlightbox%26settings%3DeyJpZCI6NzYzLCJ1cmwiOiJodHRwczpcL1wvYm5idHNrb290amUubmxcL3dwLWNvbnRlbnRcL3VwbG9hZHNcLzIwMjBcLzA4XC8yMDIwMDcxNV8xNDI2NTgtMi1zY2FsZWQuanBnIiwic2xpZGVzaG93IjoiYTZlMDcxOCJ9\" href='https:\/\/bnbtskootje.nl\/wp-content\/uploads\/2020\/08\/20200715_142658-2-scaled.jpg'><img fetchpriority=\"high\" decoding=\"async\" width=\"781\" height=\"512\" src=\"https:\/\/bnbtskootje.nl\/wp-content\/uploads\/2020\/08\/20200715_142658-2-781x512.jpg\" class=\"attachment-himalayas-featured-post size-himalayas-featured-post\" alt=\"\" aria-describedby=\"gallery-1-763\" \/><\/a>\n\t\t\t<\/div>\n\t\t\t\t<figcaption class='wp-caption-text gallery-caption' id='gallery-1-763'>\n\t\t\t\tOpperdoes view\n\t\t\t\t<\/figcaption><\/figure>\n\t\t<\/div>\n\t\t<\/div>\n\t\t\t\t\t\t<\/div>\n\t\t\t\t<\/div>\n\t\t\t\t\t<\/div>\n\t\t<\/div>\n\t\t\t\t\t<\/div>\n\t\t<\/section>\n\t\t\t\t<\/div>\n\t\t","protected":false},"excerpt":{"rendered":"<p>Welcome to B&#038;B &#8216;t Sko\u00f4tje. In our bed and breakfast in Opperdoes we will give you a warm welcome. Opperdoes is a gem in West Friesland. Everything breathes the atmosphere of this region. Nostalgic streets next to small canals, pyramid-shaped farms and bridges, so you can really relax. B&#038;B &#8216;t Sko\u00f4tje is close to Medemblik and the IJsselmeer lake. Hoorn, Enkhuizen and the North Sea beach are also within easy reach. The Opperdoezer Ronde is grown within a radius of 1 km around the church next to the B&#038;B. This potato is a delicacy, which is on the menu of many a chef. Our B&#038;B in Opperdoes is easily accessible by public transport with a direct bus connection from Hoorn.\u00a0Opperdoes\u00a0is only 5 minutes by car from freeway A7.\u00a0<\/p>\n","protected":false},"author":1,"featured_media":637,"parent":0,"menu_order":0,"comment_status":"closed","ping_status":"closed","template":"page-templates\/template-team.php","meta":{"_monsterinsights_skip_tracking":false,"_monsterinsights_sitenote_active":false,"_monsterinsights_sitenote_note":"","_monsterinsights_sitenote_category":0,"footnotes":""},"class_list":["post-655","page","type-page","status-publish","has-post-thumbnail","hentry"],"yoast_head":"<!-- This site is optimized with the Yoast SEO plugin v27.5 - https:\/\/yoast.com\/product\/yoast-seo-wordpress\/ -->\n<title>&#039;t Sko\u00f4tje - B&amp;B &#039;t Sko\u00f4tje<\/title>\n<meta name=\"robots\" content=\"index, follow, max-snippet:-1, max-image-preview:large, max-video-preview:-1\" \/>\n<link rel=\"canonical\" href=\"https:\/\/bnbtskootje.nl\/?page_id=655&lang=en\" \/>\n<meta property=\"og:locale\" content=\"en_US\" \/>\n<meta property=\"og:type\" content=\"article\" \/>\n<meta property=\"og:title\" content=\"&#039;t Sko\u00f4tje - B&amp;B &#039;t Sko\u00f4tje\" \/>\n<meta property=\"og:description\" content=\"Welcome to B&amp;B &#039;t Sko\u00f4tje. In our bed and breakfast in Opperdoes we will give you a warm welcome. Opperdoes is a gem in West Friesland. Everything breathes the atmosphere of this region. Nostalgic streets next to small canals, pyramid-shaped farms and bridges, so you can really relax. B&amp;B &#039;t Sko\u00f4tje is close to Medemblik and the IJsselmeer lake. Hoorn, Enkhuizen and the North Sea beach are also within easy reach. The Opperdoezer Ronde is grown within a radius of 1 km around the church next to the B&amp;B. This potato is a delicacy, which is on the menu of many a chef. Our B&amp;B in Opperdoes is easily accessible by public transport with a direct bus connection from Hoorn.\u00a0Opperdoes\u00a0is only 5 minutes by car from freeway A7.\u00a0\" \/>\n<meta property=\"og:url\" content=\"https:\/\/bnbtskootje.nl\/?page_id=655&amp;lang=en\" \/>\n<meta property=\"og:site_name\" content=\"B&amp;B &#039;t Sko\u00f4tje\" \/>\n<meta property=\"article:modified_time\" content=\"2020-08-03T14:43:38+00:00\" \/>\n<meta property=\"og:image\" content=\"https:\/\/bnbtskootje.nl\/wp-content\/uploads\/2020\/07\/20200716_095952-2-scaled.jpg\" \/>\n\t<meta property=\"og:image:width\" content=\"2560\" \/>\n\t<meta property=\"og:image:height\" content=\"1550\" \/>\n\t<meta property=\"og:image:type\" content=\"image\/jpeg\" \/>\n<meta name=\"twitter:card\" content=\"summary_large_image\" \/>\n<meta name=\"twitter:label1\" content=\"Est. reading time\" \/>\n\t<meta name=\"twitter:data1\" content=\"2 minutes\" \/>\n<script type=\"application\/ld+json\" class=\"yoast-schema-graph\">{\"@context\":\"https:\\\/\\\/schema.org\",\"@graph\":[{\"@type\":\"WebPage\",\"@id\":\"https:\\\/\\\/bnbtskootje.nl\\\/?page_id=655&lang=en\",\"url\":\"https:\\\/\\\/bnbtskootje.nl\\\/?page_id=655&lang=en\",\"name\":\"'t Sko\u00f4tje - B&amp;B &#039;t Sko\u00f4tje\",\"isPartOf\":{\"@id\":\"https:\\\/\\\/bnbtskootje.nl\\\/#website\"},\"primaryImageOfPage\":{\"@id\":\"https:\\\/\\\/bnbtskootje.nl\\\/?page_id=655&lang=en#primaryimage\"},\"image\":{\"@id\":\"https:\\\/\\\/bnbtskootje.nl\\\/?page_id=655&lang=en#primaryimage\"},\"thumbnailUrl\":\"https:\\\/\\\/bnbtskootje.nl\\\/wp-content\\\/uploads\\\/2020\\\/07\\\/20200716_095952-2-scaled.jpg\",\"datePublished\":\"2020-08-01T13:49:41+00:00\",\"dateModified\":\"2020-08-03T14:43:38+00:00\",\"breadcrumb\":{\"@id\":\"https:\\\/\\\/bnbtskootje.nl\\\/?page_id=655&lang=en#breadcrumb\"},\"inLanguage\":\"en-US\",\"potentialAction\":[{\"@type\":\"ReadAction\",\"target\":[\"https:\\\/\\\/bnbtskootje.nl\\\/?page_id=655&lang=en\"]}]},{\"@type\":\"ImageObject\",\"inLanguage\":\"en-US\",\"@id\":\"https:\\\/\\\/bnbtskootje.nl\\\/?page_id=655&lang=en#primaryimage\",\"url\":\"https:\\\/\\\/bnbtskootje.nl\\\/wp-content\\\/uploads\\\/2020\\\/07\\\/20200716_095952-2-scaled.jpg\",\"contentUrl\":\"https:\\\/\\\/bnbtskootje.nl\\\/wp-content\\\/uploads\\\/2020\\\/07\\\/20200716_095952-2-scaled.jpg\",\"width\":2560,\"height\":1550},{\"@type\":\"BreadcrumbList\",\"@id\":\"https:\\\/\\\/bnbtskootje.nl\\\/?page_id=655&lang=en#breadcrumb\",\"itemListElement\":[{\"@type\":\"ListItem\",\"position\":1,\"name\":\"Home\",\"item\":\"https:\\\/\\\/bnbtskootje.nl\\\/\"},{\"@type\":\"ListItem\",\"position\":2,\"name\":\"&#8216;t Sko\u00f4tje\"}]},{\"@type\":\"WebSite\",\"@id\":\"https:\\\/\\\/bnbtskootje.nl\\\/#website\",\"url\":\"https:\\\/\\\/bnbtskootje.nl\\\/\",\"name\":\"B&B 't Sko\u00f4tje\",\"description\":\"\",\"publisher\":{\"@id\":\"https:\\\/\\\/bnbtskootje.nl\\\/#organization\"},\"potentialAction\":[{\"@type\":\"SearchAction\",\"target\":{\"@type\":\"EntryPoint\",\"urlTemplate\":\"https:\\\/\\\/bnbtskootje.nl\\\/?s={search_term_string}\"},\"query-input\":{\"@type\":\"PropertyValueSpecification\",\"valueRequired\":true,\"valueName\":\"search_term_string\"}}],\"inLanguage\":\"en-US\"},{\"@type\":\"Organization\",\"@id\":\"https:\\\/\\\/bnbtskootje.nl\\\/#organization\",\"name\":\"B&B 't Sko\u00f4tje\",\"url\":\"https:\\\/\\\/bnbtskootje.nl\\\/\",\"logo\":{\"@type\":\"ImageObject\",\"inLanguage\":\"en-US\",\"@id\":\"https:\\\/\\\/bnbtskootje.nl\\\/#\\\/schema\\\/logo\\\/image\\\/\",\"url\":\"https:\\\/\\\/bnbtskootje.nl\\\/wp-content\\\/uploads\\\/2020\\\/06\\\/rsz_output-onlinepngtools-4-e1593255432260.png\",\"contentUrl\":\"https:\\\/\\\/bnbtskootje.nl\\\/wp-content\\\/uploads\\\/2020\\\/06\\\/rsz_output-onlinepngtools-4-e1593255432260.png\",\"width\":300,\"height\":90,\"caption\":\"B&B 't Sko\u00f4tje\"},\"image\":{\"@id\":\"https:\\\/\\\/bnbtskootje.nl\\\/#\\\/schema\\\/logo\\\/image\\\/\"}}]}<\/script>\n<!-- \/ Yoast SEO plugin. -->","yoast_head_json":{"title":"'t Sko\u00f4tje - B&amp;B &#039;t Sko\u00f4tje","robots":{"index":"index","follow":"follow","max-snippet":"max-snippet:-1","max-image-preview":"max-image-preview:large","max-video-preview":"max-video-preview:-1"},"canonical":"https:\/\/bnbtskootje.nl\/?page_id=655&lang=en","og_locale":"en_US","og_type":"article","og_title":"'t Sko\u00f4tje - B&amp;B &#039;t Sko\u00f4tje","og_description":"Welcome to B&B 't Sko\u00f4tje. In our bed and breakfast in Opperdoes we will give you a warm welcome. Opperdoes is a gem in West Friesland. Everything breathes the atmosphere of this region. Nostalgic streets next to small canals, pyramid-shaped farms and bridges, so you can really relax. B&B 't Sko\u00f4tje is close to Medemblik and the IJsselmeer lake. Hoorn, Enkhuizen and the North Sea beach are also within easy reach. The Opperdoezer Ronde is grown within a radius of 1 km around the church next to the B&B. This potato is a delicacy, which is on the menu of many a chef. Our B&B in Opperdoes is easily accessible by public transport with a direct bus connection from Hoorn.\u00a0Opperdoes\u00a0is only 5 minutes by car from freeway A7.\u00a0","og_url":"https:\/\/bnbtskootje.nl\/?page_id=655&lang=en","og_site_name":"B&amp;B &#039;t Sko\u00f4tje","article_modified_time":"2020-08-03T14:43:38+00:00","og_image":[{"width":2560,"height":1550,"url":"https:\/\/bnbtskootje.nl\/wp-content\/uploads\/2020\/07\/20200716_095952-2-scaled.jpg","type":"image\/jpeg"}],"twitter_card":"summary_large_image","twitter_misc":{"Est. reading time":"2 minutes"},"schema":{"@context":"https:\/\/schema.org","@graph":[{"@type":"WebPage","@id":"https:\/\/bnbtskootje.nl\/?page_id=655&lang=en","url":"https:\/\/bnbtskootje.nl\/?page_id=655&lang=en","name":"'t Sko\u00f4tje - B&amp;B &#039;t Sko\u00f4tje","isPartOf":{"@id":"https:\/\/bnbtskootje.nl\/#website"},"primaryImageOfPage":{"@id":"https:\/\/bnbtskootje.nl\/?page_id=655&lang=en#primaryimage"},"image":{"@id":"https:\/\/bnbtskootje.nl\/?page_id=655&lang=en#primaryimage"},"thumbnailUrl":"https:\/\/bnbtskootje.nl\/wp-content\/uploads\/2020\/07\/20200716_095952-2-scaled.jpg","datePublished":"2020-08-01T13:49:41+00:00","dateModified":"2020-08-03T14:43:38+00:00","breadcrumb":{"@id":"https:\/\/bnbtskootje.nl\/?page_id=655&lang=en#breadcrumb"},"inLanguage":"en-US","potentialAction":[{"@type":"ReadAction","target":["https:\/\/bnbtskootje.nl\/?page_id=655&lang=en"]}]},{"@type":"ImageObject","inLanguage":"en-US","@id":"https:\/\/bnbtskootje.nl\/?page_id=655&lang=en#primaryimage","url":"https:\/\/bnbtskootje.nl\/wp-content\/uploads\/2020\/07\/20200716_095952-2-scaled.jpg","contentUrl":"https:\/\/bnbtskootje.nl\/wp-content\/uploads\/2020\/07\/20200716_095952-2-scaled.jpg","width":2560,"height":1550},{"@type":"BreadcrumbList","@id":"https:\/\/bnbtskootje.nl\/?page_id=655&lang=en#breadcrumb","itemListElement":[{"@type":"ListItem","position":1,"name":"Home","item":"https:\/\/bnbtskootje.nl\/"},{"@type":"ListItem","position":2,"name":"&#8216;t Sko\u00f4tje"}]},{"@type":"WebSite","@id":"https:\/\/bnbtskootje.nl\/#website","url":"https:\/\/bnbtskootje.nl\/","name":"B&B 't Sko\u00f4tje","description":"","publisher":{"@id":"https:\/\/bnbtskootje.nl\/#organization"},"potentialAction":[{"@type":"SearchAction","target":{"@type":"EntryPoint","urlTemplate":"https:\/\/bnbtskootje.nl\/?s={search_term_string}"},"query-input":{"@type":"PropertyValueSpecification","valueRequired":true,"valueName":"search_term_string"}}],"inLanguage":"en-US"},{"@type":"Organization","@id":"https:\/\/bnbtskootje.nl\/#organization","name":"B&B 't Sko\u00f4tje","url":"https:\/\/bnbtskootje.nl\/","logo":{"@type":"ImageObject","inLanguage":"en-US","@id":"https:\/\/bnbtskootje.nl\/#\/schema\/logo\/image\/","url":"https:\/\/bnbtskootje.nl\/wp-content\/uploads\/2020\/06\/rsz_output-onlinepngtools-4-e1593255432260.png","contentUrl":"https:\/\/bnbtskootje.nl\/wp-content\/uploads\/2020\/06\/rsz_output-onlinepngtools-4-e1593255432260.png","width":300,"height":90,"caption":"B&B 't Sko\u00f4tje"},"image":{"@id":"https:\/\/bnbtskootje.nl\/#\/schema\/logo\/image\/"}}]}},"_links":{"self":[{"href":"https:\/\/bnbtskootje.nl\/index.php?rest_route=\/wp\/v2\/pages\/655","targetHints":{"allow":["GET"]}}],"collection":[{"href":"https:\/\/bnbtskootje.nl\/index.php?rest_route=\/wp\/v2\/pages"}],"about":[{"href":"https:\/\/bnbtskootje.nl\/index.php?rest_route=\/wp\/v2\/types\/page"}],"author":[{"embeddable":true,"href":"https:\/\/bnbtskootje.nl\/index.php?rest_route=\/wp\/v2\/users\/1"}],"replies":[{"embeddable":true,"href":"https:\/\/bnbtskootje.nl\/index.php?rest_route=%2Fwp%2Fv2%2Fcomments&post=655"}],"version-history":[{"count":24,"href":"https:\/\/bnbtskootje.nl\/index.php?rest_route=\/wp\/v2\/pages\/655\/revisions"}],"predecessor-version":[{"id":826,"href":"https:\/\/bnbtskootje.nl\/index.php?rest_route=\/wp\/v2\/pages\/655\/revisions\/826"}],"wp:featuredmedia":[{"embeddable":true,"href":"https:\/\/bnbtskootje.nl\/index.php?rest_route=\/wp\/v2\/media\/637"}],"wp:attachment":[{"href":"https:\/\/bnbtskootje.nl\/index.php?rest_route=%2Fwp%2Fv2%2Fmedia&parent=655"}],"curies":[{"name":"wp","href":"https:\/\/api.w.org\/{rel}","templated":true}]}}